prime factors of i.
5
Let f = 35 - -9. List the prime factors of f.
2, 11
What are the prime factors of 8/16 - (291/(-2) + -1)?
3, 7
Let o be ((-27)/15)/((-1)/5). Let h be 10*(-3 + o/2). Let x = 31 - h. List the prime factors of x.
2
Let g(k) = k**3 - 12*k**2 + 3*k + 6. Suppose 17 - 5 = p. List the prime factors of g(p).
2, 3, 7
Let y(d) = -d**3 + 12*d**2 - d + 3. Let r be y(12). Let z = r + 33. List the prime factors of z.
2, 3
Let n be 2/8 - (-2)/(-8). Suppose 5*v - 10 = -n*v. What are the prime factors of -3*(v - (1 + 2))?
3
Suppose 4*c - 3*c = 64. List the prime factors of c.
2
Let p = -1 + -11. What are the prime factors of 3/12 - 21/p?
2
Let p = 11 - 14. Let k = -4 + 3. List the prime factors of k/p + (-195)/(-9).
2, 11
Let f(u) = -8*u**3 - u**2 + 2. List the prime factors of f(-2).
2, 31
Suppose 0 = z - 6*z + 540. List the prime factors of z.
2, 3
Let a(x) = x + 7. Let r be a(-10). Let g be ((-6)/r)/(1 - -1). Suppose -5*l - g + 16 = 0. List the prime factors of l.
3
Let z(l) = -l**2 - l + 1. Let f(m) = -3*m + 1. Let w(r) = 3*f(r) - 3*z(r). Let h be w(4). What are the prime factors of (1/(-2))/((-2)/h)?
2, 3
Let k(s) = s**3 - 6*s**2 - 5*s - 8. Let p(r) = r**2 - 3*r + 2. Let y be p(3). Let g = y - -5. What are the prime factors of k(g)?
2, 3
Let m(h) = 15*h - 67. List the prime factors of m(27).
2, 13
Let g(r) = 5*r**2 + 2*r - 3. Let j(t) = t**2. Let w(x) = g(x) - 6*j(x). Let v be w(2). List the prime factors of (v - 6/(-3))*-19.
19
What are the prime factors of (-24)/(-60) + (-38)/(-5)?
2
Let l be (-27 + -2)*(-2 - -1). Suppose -2*b + l + 51 = 0. List the prime factors of b.
2, 5
Let u = -1 - -3. Suppose -2*w + 3*w = u. What are the prime factors of w?
2
Let l be 3/1 + 2 - 3. Suppose -l = -2*m + 6. What are the prime factors of m?
2
Suppose 5*a - 4*a = 20. What are the prime factors of a?
2, 5
Suppose 0 = -5*a + 258 + 32. What are the prime factors of a?
2, 29
Suppose 152 + 89 = h. What are the prime factors of h?
241
Suppose k - 32 = -3*k. Let c = -6 + k. What are the prime factors of ((-2)/(-1))/(c/13)?
13
Let n = 9 + -6. Suppose -n*f = g + g - 10, -4*g + 16 = 4*f. What are the prime factors of f?
2
Suppose -2 - 2 = -4*c. Let t be -1 - 0 - (1 + c). List the prime factors of (0 - -18) + t/1.
3, 5
Let d(y) = y**3 - 6*y**2 + y - 1. Let k be d(6). Let c be k*(1 - 6/10). Suppose -3*r = c*r - 30. What are the prime factors of r?
2, 3
Let h = 14 - 7. Let w(o) = -o**2 + 9*o + 10. What are the prime factors of w(h)?
2, 3
Let u(x) = -3*x - 6. List the prime factors of u(-12).
2, 3, 5
Suppose 165 + 42 = 3*u. Suppose 4*b = k - 58, b - 6*b + 3*k - u = 0. Let s = b - -24. What are the prime factors of s?
3
Suppose 5*d = 5*j + 271 + 294, 5*j + 2*d + 530 = 0. Let i = -70 - j. List the prime factors of i.
2, 19
Let j(y) = -y + 6. Let t = 6 - 2. Let d be 13/t + (-1)/4. What are the prime factors of j(d)?
3
Let q = 149 - 75. List the prime factors of q.
2, 37
Let f(c) = 9*c**2. Suppose l - 6*l = -65. Suppose j - 3*b - l = 0, -1 - 1 = 2*j + b. List the prime factors of f(j).
3
List the prime factors of -12*(-16)/9*6.
2
Suppose -5*l - 11 = -3*m, -m + 2*l = -2*m. List the prime factors of 7 + (-4)/4 + m.
2
Let x = -29 - 6. Let f = -22 - x. What are the prime factors of f?
13
Suppose 3*i = 2*q + 304, -i + 3*i = -5*q + 209. Suppose -2*f + 2*z + i = 0, 2*z - 5*z + 225 = 4*f. List the prime factors of f.
2, 3
Let j = 36 + -20. List the prime factors of j.
2
Let a(o) = -o**3 + 11*o**2 - 7. Let x be a(11). Let j = 10 + x. What are the prime factors of j?
3
Let m(a) = -a**3 + 8*a**2 - 6*a + 2. Let q be m(7). Suppose 0 = 2*h - h - q. Suppose -c + h = -0*c. What are the prime factors of c?
3
Let z be (-25)/(-10)*(18 + 0). Suppose -2*a = -7*a + z. Suppose a = -2*i + 5*i. List the prime factors of i.
3
Let p be (0 - (-2 + 0)) + 2. Suppose -5*h + q - p = 0, 3*h - 4*q + 3 - 4 = 0. List the prime factors of 1/(h + -1)*-22.
11
Suppose 3*g = g + 152. List the prime factors of g.
2, 19
Let q = 96 + -68. List the prime factors of q.
2, 7
Let k(j) = -7*j. Let y be k(3). Let b = y - -29. What are the prime factors of b?
2
Let p = 97 - 95. What are the prime factors of p?
2
Suppose 260 + 3 = 4*f - q, f + q = 72. List the prime factors of f.
67
Suppose -s = 4*s - 20. Suppose -h - 2*f + 26 = -4*f, -h + s*f + 36 = 0. List the prime factors of h.
2
Suppose 0*f + 2 = f - k, 0 = -4*f - 4*k + 16. Suppose -c - 2*c + f = -q, 2*c + 2*q = -6. Suppose o + 14 = a + 31, c = -o - 5*a - 7. List the prime factors of o.
13
Suppose 6*n - 3*n = 9. Suppose 4*m + b - 3 = 8, -n*b + 15 = 3*m. Suppose m*r + 0*r - 26 = 0. List the prime factors of r.
13
Suppose -12 = -2*u + 2*n - 4, -5 = -u + 2*n. Suppose 3*k - 45 + 8 = -2*g, 0 = k + 4*g - 9. Let w = k - u. List the prime factors of w.
2, 5
Let c(a) = -a - 18. Let h be c(-18). Suppose h = -k + 35 + 15. List the prime factors of k.
2, 5
Suppose 3*g + 22 = -g + 2*f, g + 13 = 3*f. Let k(d) = -d**2 - 7*d - 6. List the prime factors of k(g).
2, 3
List the prime factors of ((-53)/4)/((6/(-48))/1).
2, 53
Let l(t) = -t**2 - 4*t + 1. Let m be l(-3). Let b(v) = 3*v - 4. Let o be b(m). Suppose 1 + o = 3*g. What are the prime factors of g?
3
Suppose -4*z - 40 = -4*r, 69 + 16 = 5*r + 2*z. Let y be 16/(-56) - (-74)/14. List the prime factors of r/6*8/y.
2
Let m(t) = -t**2 + t - 1. Let z(h) = -5*h - 9. Let u(d) = m(d) - z(d). What are the prime factors of u(6)?
2
Suppose 7*k - 176 = 3*k. List the prime factors of k.
2, 11
Suppose -m + 2 = -3*m, -k - 3*m - 8 = 0. What are the prime factors of ((-13)/3)/(k/15)?
13
Let i(n) = -n + 9. Let d be i(7). Let p = 6 - 4. Suppose -d*o = p, 7*l = 3*l + 4*o + 76. List the prime factors of l.
2, 3
Suppose 14 = 4*u - 5*m + 2*m, -5*u = 2*m - 29. Let i(j) = -j - 4. Let p be i(u). What are the prime factors of (-38)/p - 2/9?
2
Suppose 5*q - 979 = -5*n - 224, -4*q = -n - 579. What are the prime factors of q?
2, 73
Suppose 2*t = 38 + 376. List the prime factors of t.
3, 23
Let t = 5 + -9. Let o = 8 + t. List the prime factors of o.
2
Let g = 11 + -6. Let v(y) = -2*y + 1. Let a(k) = -4*k + 2. Let t(w) = g*v(w) - 2*a(w). What are the prime factors of t(-3)?
7
Suppose z - 2*z = -62. What are the prime factors of z?
2, 31
Let d(s) = -s**3 - 3*s**2 - 3*s - 2. Let r be d(-2). Suppose -3*y - y + 52 = r. What are the prime factors of y?
13
Let a(q) be the second derivative of -5*q**3/6 - q**2 + 4*q. List the prime factors of a(-5).
23
List the prime factors of ((-123)/(-6))/((-1)/(-4)).
2, 41
Let f be (-3)/4*(-24 + 0). Let k = -4 + f. What are the prime factors of k?
2, 7
Suppose -4*m - 3*r + 6 = -0*r, 0 = 5*m + 3*r - 9. Suppose -14 + 53 = m*x. List the prime factors of x.
13
Let y(t) = 3*t**2 - 3*t - 1. What are the prime factors of y(5)?
59
Suppose 0 = 5*c + 5*w - 220, -3*c = -3*w + 5*w - 127. What are the prime factors of c?
3, 13
Let x(n) = 31*n + 23. List the prime factors of x(8).
271
Suppose -3*z - 3 = -4*z. Suppose -t - h = 2, t + h - 4 = -z*t. List the prime factors of t.
2
Let b = 82 - 31. What are the prime factors of b - (18/(-2))/3?
2, 3
Suppose -10 = -2*w + 3*f, 5*w + 3*f + 2*f = 0. Suppose 0 = 4*y - w - 138. List the prime factors of y.
5, 7
Let w(v) = 6*v - 1. Let m be w(1). Let t = m - 2. What are the prime factors of t?
3
Suppose -13*a + 9*a + 64 = 0. Let q = -13 + a. List the prime factors of q.
3
Let i(j) = -5*j**3 + 4*j**2 + 4*j - 1. List the prime factors of i(-3).
2, 79
Suppose 4*g + a - 1068 = 0, 3*g + 2*a + 2*a = 788. List the prime factors of g.
2, 67
Let o(c) = -12*c + 5. What are the prime factors of o(-6)?
7, 11
Let s(c) = -c**2 + 14*c - 1. What are the prime factors of s(10)?
3, 13
What are the prime factors of (8/5)/(12/750)?
2, 5
Suppose -4*v + 16 = -80. What are the prime factors of v?
2, 3
Let g(o) = 13 - 2 - o - 5. List the prime factors of g(0).
2, 3
Suppose -2*g - 2*x = -60, 0*g + x = g - 24. List the prime factors of g.
3
Let b = -399 - -559. Suppose -4*q + 0*q = -b. What are the prime factors of q?
2, 5
Let o be ((-2)/(-5))/((-2)/(-20)). Let r = 13 + -7. List the prime factors of (r/o + 0)*2.
3
Let p(l) = -l**3 - 4*l**2 + l - 2. Let f be p(-4). What are the prime factors of 8/f*9/(-6)?
2
Suppose -31 = -c - 7. What are the prime factors of c?
2, 3
Let f be ((-196)/21)/((-2)/3). What are the prime factors 